{"id":588,"date":"2014-04-11T14:39:26","date_gmt":"2014-04-11T14:39:26","guid":{"rendered":"http:\/\/sporty-wp.wp4life.com\/?page_id=7"},"modified":"2022-04-18T00:13:41","modified_gmt":"2022-04-17T22:13:41","slug":"tenis-de-mesa-cordoba","status":"publish","type":"page","link":"https:\/\/6a8tenisdemesa.com\/","title":{"rendered":"Principal"},"content":{"rendered":"<div id=\"pl-588\"  class=\"panel-layout\" ><div id=\"pg-588-0\"  class=\"panel-grid panel-no-style\" ><div id=\"pgc-588-0-0\"  class=\"panel-grid-cell\" ><div id=\"panel-588-0-0-0\" class=\"so-panel widget widget_sporty-latestposts-widget panel-first-child panel-last-child\" data-index=\"0\" ><article class=\"post\">\n    <div class=\"post-1132 post type-post status-publish format-standard has-post-thumbnail hentry category-noticias\"  id=\"post-1132\">\n      \n    <figure>\n         \n        <ul class=\"sporty-masonry-cats\">\n            <li><a href=\"https:\/\/6a8tenisdemesa.com\/index.php\/category\/noticias\/\" rel=\"category tag\">Noticias<\/a><\/li>\n        <\/ul>\n                <a href=\"https:\/\/6a8tenisdemesa.com\/index.php\/2025\/05\/21\/campeonato-de-dobles-de-andalucia-2025\/\">\n                        <img decoding=\"async\" src=\"https:\/\/6a8tenisdemesa.com\/wp-content\/uploads\/2025\/05\/campeonato_dobles_andalucia-964x351.jpg\" alt=\"Campeonato de dobles de Andaluc\u00eda 2025\" \/>  \n        <\/a>\n    <\/figure>\n            <div class=\"postbox\"> \n            <div class=\"date-without-thumb\"><a class=\"postbox-date\" href=\"https:\/\/6a8tenisdemesa.com\/index.php\/2025\/05\/21\/campeonato-de-dobles-de-andalucia-2025\/\">mayo 21, 2025<\/a><\/div> \n            <h3>\n                <a href=\"https:\/\/6a8tenisdemesa.com\/index.php\/2025\/05\/21\/campeonato-de-dobles-de-andalucia-2025\/\">Campeonato de dobles de Andaluc\u00eda 2025<\/a>\n            <\/h3>\n            <p><span>Gran jornada en el campeonato de dobles de Andaluc\u00eda \ud83c\udfd3\ud83c\udfd3.<\/span><br \/>\n<span>En dobles mixtos hemos llegado a cuartos y en dobles senior masculino las dos parejas no hemos pasado de ronda. Se ha notado que el nivel es muy alto y hemos tenido pocas opciones. A seguir mejorando \ud83d\udcaa<\/span><\/p>\n<p><span>Gran experiencia y mucho aprendizaje \ud83d\ude01\ud83d\ude01\ud83c\udfd3\ud83c\udfd3\ud83c\udfd3.<\/span>&hellip; <a href=\"https:\/\/6a8tenisdemesa.com\/index.php\/2025\/05\/21\/campeonato-de-dobles-de-andalucia-2025\/\" class=\"read-more\">Leer m\u00e1s <\/a><\/p>        <\/div>    \n    <\/div>\n<\/article><article class=\"post\">\n    <div class=\"post-1116 post type-post status-publish format-standard has-post-thumbnail hentry category-noticias\"  id=\"post-1116\">\n      \n    <figure>\n         \n        <ul class=\"sporty-masonry-cats\">\n            <li><a href=\"https:\/\/6a8tenisdemesa.com\/index.php\/category\/noticias\/\" rel=\"category tag\">Noticias<\/a><\/li>\n        <\/ul>\n                <a href=\"https:\/\/6a8tenisdemesa.com\/index.php\/2024\/11\/17\/estrenamos-suelo\/\">\n                        <img decoding=\"async\" src=\"https:\/\/6a8tenisdemesa.com\/wp-content\/uploads\/2024\/11\/Suelo1-964x351.jpg\" alt=\"\u00a1Estrenamos Suelo!\" \/>  \n        <\/a>\n    <\/figure>\n            <div class=\"postbox\"> \n            <div class=\"date-without-thumb\"><a class=\"postbox-date\" href=\"https:\/\/6a8tenisdemesa.com\/index.php\/2024\/11\/17\/estrenamos-suelo\/\">noviembre 17, 2024<\/a><\/div> \n            <h3>\n                <a href=\"https:\/\/6a8tenisdemesa.com\/index.php\/2024\/11\/17\/estrenamos-suelo\/\">\u00a1Estrenamos Suelo!<\/a>\n            <\/h3>\n            <p><span>ESTRENAMOS SUELO \ud83e\udd73. Primera jornada con el nuevo suelo de la sala. GRACIAS a todos los colaboradores por hacerlo posible. Juntos avanzamos y hacemos CLUB \ud83d\udc4f.<\/span>&hellip; <a href=\"https:\/\/6a8tenisdemesa.com\/index.php\/2024\/11\/17\/estrenamos-suelo\/\" class=\"read-more\">Leer m\u00e1s <\/a><\/p>        <\/div>    \n    <\/div>\n<\/article><article class=\"post\">\n    <div class=\"post-1104 post type-post status-publish format-standard has-post-thumbnail hentry category-noticias\"  id=\"post-1104\">\n      \n    <figure>\n         \n        <ul class=\"sporty-masonry-cats\">\n            <li><a href=\"https:\/\/6a8tenisdemesa.com\/index.php\/category\/noticias\/\" rel=\"category tag\">Noticias<\/a><\/li>\n        <\/ul>\n                <a href=\"https:\/\/6a8tenisdemesa.com\/index.php\/2024\/05\/07\/fin-de-temporada-2023-2024\/\">\n                        <img decoding=\"async\" src=\"https:\/\/6a8tenisdemesa.com\/wp-content\/uploads\/2024\/05\/club_2023-2024-964x350.jpg\" alt=\"Fin de temporada 2023\/2024\" \/>  \n        <\/a>\n    <\/figure>\n            <div class=\"postbox\"> \n            <div class=\"date-without-thumb\"><a class=\"postbox-date\" href=\"https:\/\/6a8tenisdemesa.com\/index.php\/2024\/05\/07\/fin-de-temporada-2023-2024\/\">mayo 7, 2024<\/a><\/div> \n            <h3>\n                <a href=\"https:\/\/6a8tenisdemesa.com\/index.php\/2024\/05\/07\/fin-de-temporada-2023-2024\/\">Fin de temporada 2023\/2024<\/a>\n            <\/h3>\n            <p><strong>Termina la temporada 2023\/2024, toca mencionar la progresi\u00f3n del club.<\/strong><\/p>\n<p><span>En lo deportivo:<\/span><br \/>\n<span>\ud83c\udfc6En liga regular seguiremos teniendo representaci\u00f3n en tercera divisi\u00f3n andaluza<\/span><br \/>\n<span>\ud83d\udd25En superdivisi\u00f3n aumentamos la representaci\u00f3n, pudiendo tener hasta 3 equipos en la competici\u00f3n<\/span><br \/>\n<span>\ud83c\udfd3En divisi\u00f3n de honor nos representar\u00e1n la cantera, los noveles que m\u00e1s ganas tienen de aprender y disfrutar del deporte<\/span><\/p>\n<p><span>En instalaciones:<\/span><br \/>\n<span>\ud83c\udfe2Nos ha cundido esta temporada, se ha logrado transformar una nave abandonada y diafana en un hogar digno de practicar el tenis de mesa.<\/span><br \/>\n<span>\ud83c\udfdb\ufe0fLe llamamos el templo, tiene la car\u00e1cteristica que una vez dentro el tiempo corre m\u00e1s deprisa de lo habitual.<\/span><\/p>\n<p><span>En lo social:<\/span><br \/>\n<span>\ud83e\udec2El buen ambiente fluye, el club se cre\u00f3 con esta filosof\u00eda y no se ha perdido el camino. Hemos crecido en socios, los cuales no solo van a practicar este magn\u00edfico deporte, tambien saben pasarlo bien en la barra \ud83c\udf7b<\/span><\/p>\n<p><span>\ud83c\udfc6\ud83c\udfc6Se cierra una temporada que ha traido progreso y evoluci\u00f3n para el club. \ud83c\udfc6\ud83c\udfc6<\/span><\/p>\n<p><span>\ud83d\udd25\ud83d\udd25Para la proxima temporada seguimos con m\u00e1s fuerza a\u00fan si cabe, seguiremos en el camino de la mejor\u00eda\ud83d\udd25\ud83d\udd25<\/span>&hellip; <a href=\"https:\/\/6a8tenisdemesa.com\/index.php\/2024\/05\/07\/fin-de-temporada-2023-2024\/\" class=\"read-more\">Leer m\u00e1s <\/a><\/p>        <\/div>    \n    <\/div>\n<\/article><article class=\"post\">\n    <div class=\"post-1094 post type-post status-publish format-standard has-post-thumbnail hentry category-noticias\"  id=\"post-1094\">\n      \n    <figure>\n         \n        <ul class=\"sporty-masonry-cats\">\n            <li><a href=\"https:\/\/6a8tenisdemesa.com\/index.php\/category\/noticias\/\" rel=\"category tag\">Noticias<\/a><\/li>\n        <\/ul>\n                <a href=\"https:\/\/6a8tenisdemesa.com\/index.php\/2024\/02\/23\/torneo-de-veteranos-de-andalucia-2024\/\">\n                        <img decoding=\"async\" src=\"https:\/\/6a8tenisdemesa.com\/wp-content\/uploads\/2024\/02\/carbonel_3-964x351.jpg\" alt=\"Torneo de veteranos de Andaluc\u00eda 2024\" \/>  \n        <\/a>\n    <\/figure>\n            <div class=\"postbox\"> \n            <div class=\"date-without-thumb\"><a class=\"postbox-date\" href=\"https:\/\/6a8tenisdemesa.com\/index.php\/2024\/02\/23\/torneo-de-veteranos-de-andalucia-2024\/\">febrero 23, 2024<\/a><\/div> \n            <h3>\n                <a href=\"https:\/\/6a8tenisdemesa.com\/index.php\/2024\/02\/23\/torneo-de-veteranos-de-andalucia-2024\/\">Torneo de veteranos de Andaluc\u00eda 2024<\/a>\n            <\/h3>\n            <p><span>Todo listo para el <strong>TORNEO DE VETERANOS<\/strong> de Andaluc\u00eda de Tenis de mesa\ud83c\udfd3\ud83c\udfd3 que acoger\u00e1 nuestro club C\u00f3rdoba 6a8 este fin de semana.<\/span><\/p>\n<p><span>\ud83c\udfdf\ufe0f <\/span><span>La sala Carbonell se viste de gala para acoger este esperado campeonato.<\/span><\/p>\n<p><span>\u231a <\/span><span>El s\u00e1bado 24 desde las 10:00 hasta las 22:00 en la sala Carbonell (C\u00f3rdoba capital). Ver ubicaci\u00f3n exacta en nuestra web.<\/span><\/p>\n<p><span>\ud83c\udfa5 <\/span><span>Pod\u00e9is seguir el evento EN DIRECTO a trav\u00e9s de nuesto <a href=\"https:\/\/www.youtube.com\/channel\/UCesiWoWGHTZC6We6thw8etw\">canal de YouTube<\/a>.<\/span>&hellip; <a href=\"https:\/\/6a8tenisdemesa.com\/index.php\/2024\/02\/23\/torneo-de-veteranos-de-andalucia-2024\/\" class=\"read-more\">Leer m\u00e1s <\/a><\/p>        <\/div>    \n    <\/div>\n<\/article><!-- VIEW ALL BUTTON -->\r\n<div class=\"blogpager\">\r\n    <a href=\"https:\/\/6a8tenisdemesa.com\/index.php\/2024\/02\/23\/torneo-de-veteranos-de-andalucia-2024\/\">View All <i class=\"fa fa-long-arrow-right\"><\/i><\/a>\r\n<\/div>\r\n<\/div><\/div><\/div><\/div>","protected":false},"excerpt":{"rendered":"<div id=\"pl-588\"  class=\"panel-layout\"><div id=\"pg-588-0\"  class=\"panel-grid panel-no-style\"><div id=\"pgc-588-0-0\"  class=\"panel-grid-cell\"><div id=\"panel-588-0-0-0\" class=\"so-panel widget widget_sporty-latestposts-widget panel-first-child panel-last-child\" data-index=\"0\"><article class=\"post\">\n    <div class=\"post-1132 post type-post status-publish format-standard has-post-thumbnail hentry category-noticias\"  id=\"post-1132\">\n      \n    <figure>\n         \n        <ul class=\"sporty-masonry-cats\">\n            <li><a href=\"https:\/\/6a8tenisdemesa.com\/index.php\/category\/noticias\/\" rel=\"category tag\">Noticias<\/a><\/li>\n        <\/ul>\n                <a href=\"https:\/\/6a8tenisdemesa.com\/index.php\/2025\/05\/21\/campeonato-de-dobles-de-andalucia-2025\/\">\n                        <img decoding=\"async\" src=\"https:\/\/6a8tenisdemesa.com\/wp-content\/uploads\/2025\/05\/campeonato_dobles_andalucia-964x351.jpg\" alt=\"Campeonato de dobles de Andaluc\u00eda 2025\" \/>  \n        <\/a>\n    <\/figure>\n            <div class=\"postbox\"> \n            <div class=\"date-without-thumb\"><a class=\"postbox-date\" href=\"https:\/\/6a8tenisdemesa.com\/index.php\/2025\/05\/21\/campeonato-de-dobles-de-andalucia-2025\/\">mayo 21, 2025<\/a><\/div> \n            <h3>\n                <a href=\"https:\/\/6a8tenisdemesa.com\/index.php\/2025\/05\/21\/campeonato-de-dobles-de-andalucia-2025\/\">Campeonato de dobles de Andaluc\u00eda 2025<\/a>\n            <\/h3>\n            <p><span>Gran jornada en el campeonato de dobles de Andaluc\u00eda \ud83c\udfd3\ud83c\udfd3.<\/span><br \/>\n<span>En dobles mixtos hemos llegado a cuartos y en dobles senior masculino las dos parejas no hemos pasado de ronda. Se ha notado que el nivel es muy alto y hemos tenido pocas opciones. A seguir mejorando \ud83d\udcaa<\/span><\/p>\n<p><span>Gran experiencia y mucho aprendizaje \ud83d\ude01\ud83d\ude01\ud83c\udfd3\ud83c\udfd3\ud83c\udfd3.<\/span>&hellip; <a href=\"https:\/\/6a8tenisdemesa.com\/index.php\/2025\/05\/21\/campeonato-de-dobles-de-andalucia-2025\/\" class=\"read-more\">Leer m\u00e1s <\/a><\/p>        <\/div>    \n    <\/div>\n<\/article><article class=\"post\">\n    <div class=\"post-1116 post type-post status-publish format-standard has-post-thumbnail hentry category-noticias\"  id=\"post-1116\">\n      \n    <figure>\n         \n        <ul class=\"sporty-masonry-cats\">\n            <li><a href=\"https:\/\/6a8tenisdemesa.com\/index.php\/category\/noticias\/\" rel=\"category tag\">Noticias<\/a><\/li>\n        <\/ul>\n                <a href=\"https:\/\/6a8tenisdemesa.com\/index.php\/2024\/11\/17\/estrenamos-suelo\/\">\n                        <img decoding=\"async\" src=\"https:\/\/6a8tenisdemesa.com\/wp-content\/uploads\/2024\/11\/Suelo1-964x351.jpg\" alt=\"\u00a1Estrenamos Suelo!\" \/>  \n        <\/a>\n    <\/figure>\n            <div class=\"postbox\"> \n            <div class=\"date-without-thumb\"><a class=\"postbox-date\" href=\"https:\/\/6a8tenisdemesa.com\/index.php\/2024\/11\/17\/estrenamos-suelo\/\">noviembre 17, 2024<\/a><\/div> \n            <h3>\n                <a href=\"https:\/\/6a8tenisdemesa.com\/index.php\/2024\/11\/17\/estrenamos-suelo\/\">\u00a1Estrenamos Suelo!<\/a>\n            <\/h3>\n            <p><span>ESTRENAMOS SUELO \ud83e\udd73. Primera jornada con el nuevo suelo de la sala. GRACIAS a todos los colaboradores por hacerlo posible. Juntos avanzamos y hacemos CLUB \ud83d\udc4f.<\/span>&hellip; <a href=\"https:\/\/6a8tenisdemesa.com\/index.php\/2024\/11\/17\/estrenamos-suelo\/\" class=\"read-more\">Leer m\u00e1s <\/a><\/p>        <\/div>    \n    <\/div>\n<\/article><article class=\"post\">\n    <div class=\"post-1104 post type-post status-publish format-standard has-post-thumbnail hentry category-noticias\"  id=\"post-1104\">\n      \n    <figure>\n         \n        <ul class=\"sporty-masonry-cats\">\n            <li><a href=\"https:\/\/6a8tenisdemesa.com\/index.php\/category\/noticias\/\" rel=\"category tag\">Noticias<\/a><\/li>\n        <\/ul>\n                <a href=\"https:\/\/6a8tenisdemesa.com\/index.php\/2024\/05\/07\/fin-de-temporada-2023-2024\/\">\n                        <img decoding=\"async\" src=\"https:\/\/6a8tenisdemesa.com\/wp-content\/uploads\/2024\/05\/club_2023-2024-964x350.jpg\" alt=\"Fin de temporada 2023\/2024\" \/>  \n        <\/a>\n    <\/figure>\n            <div class=\"postbox\"> \n            <div class=\"date-without-thumb\"><a class=\"postbox-date\" href=\"https:\/\/6a8tenisdemesa.com\/index.php\/2024\/05\/07\/fin-de-temporada-2023-2024\/\">mayo 7, 2024<\/a><\/div> \n            <h3>\n                <a href=\"https:\/\/6a8tenisdemesa.com\/index.php\/2024\/05\/07\/fin-de-temporada-2023-2024\/\">Fin de temporada 2023\/2024<\/a>\n            <\/h3>\n            <p><strong>Termina la temporada 2023\/2024, toca mencionar la progresi\u00f3n del club.<\/strong><\/p>\n<p><span>En lo deportivo:<\/span><br \/>\n<span>\ud83c\udfc6En liga regular seguiremos teniendo representaci\u00f3n en tercera divisi\u00f3n andaluza<\/span><br \/>\n<span>\ud83d\udd25En superdivisi\u00f3n aumentamos la representaci\u00f3n, pudiendo tener hasta 3 equipos en la competici\u00f3n<\/span><br \/>\n<span>\ud83c\udfd3En divisi\u00f3n de honor nos representar\u00e1n la cantera, los noveles que m\u00e1s ganas tienen de aprender y disfrutar del deporte<\/span><\/p>\n<p><span>En instalaciones:<\/span><br \/>\n<span>\ud83c\udfe2Nos ha cundido esta temporada, se ha logrado transformar una nave abandonada y diafana en un hogar digno de practicar el tenis de mesa.<\/span><br \/>\n<span>\ud83c\udfdb\ufe0fLe llamamos el templo, tiene la car\u00e1cteristica que una vez dentro el tiempo corre m\u00e1s deprisa de lo habitual.<\/span><\/p>\n<p><span>En lo social:<\/span><br \/>\n<span>\ud83e\udec2El buen ambiente fluye, el club se cre\u00f3 con esta filosof\u00eda y no se ha perdido el camino. Hemos crecido en socios, los cuales no solo van a practicar este magn\u00edfico deporte, tambien saben pasarlo bien en la barra \ud83c\udf7b<\/span><\/p>\n<p><span>\ud83c\udfc6\ud83c\udfc6Se cierra una temporada que ha traido progreso y evoluci\u00f3n para el club. \ud83c\udfc6\ud83c\udfc6<\/span><\/p>\n<p><span>\ud83d\udd25\ud83d\udd25Para la proxima temporada seguimos con m\u00e1s fuerza a\u00fan si cabe, seguiremos en el camino de la mejor\u00eda\ud83d\udd25\ud83d\udd25<\/span>&hellip; <a href=\"https:\/\/6a8tenisdemesa.com\/index.php\/2024\/05\/07\/fin-de-temporada-2023-2024\/\" class=\"read-more\">Leer m\u00e1s <\/a><\/p>        <\/div>    \n    <\/div>\n<\/article><article class=\"post\">\n    <div class=\"post-1094 post type-post status-publish format-standard has-post-thumbnail hentry category-noticias\"  id=\"post-1094\">\n      \n    <figure>\n         \n        <ul class=\"sporty-masonry-cats\">\n            <li><a href=\"https:\/\/6a8tenisdemesa.com\/index.php\/category\/noticias\/\" rel=\"category tag\">Noticias<\/a><\/li>\n        <\/ul>\n                <a href=\"https:\/\/6a8tenisdemesa.com\/index.php\/2024\/02\/23\/torneo-de-veteranos-de-andalucia-2024\/\">\n                        <img decoding=\"async\" src=\"https:\/\/6a8tenisdemesa.com\/wp-content\/uploads\/2024\/02\/carbonel_3-964x351.jpg\" alt=\"Torneo de veteranos de Andaluc\u00eda 2024\" \/>  \n        <\/a>\n    <\/figure>\n            <div class=\"postbox\"> \n            <div class=\"date-without-thumb\"><a class=\"postbox-date\" href=\"https:\/\/6a8tenisdemesa.com\/index.php\/2024\/02\/23\/torneo-de-veteranos-de-andalucia-2024\/\">febrero 23, 2024<\/a><\/div> \n            <h3>\n                <a href=\"https:\/\/6a8tenisdemesa.com\/index.php\/2024\/02\/23\/torneo-de-veteranos-de-andalucia-2024\/\">Torneo de veteranos de Andaluc\u00eda 2024<\/a>\n            <\/h3>\n            <p><span>Todo listo para el <strong>TORNEO DE VETERANOS<\/strong> de Andaluc\u00eda de Tenis de mesa\ud83c\udfd3\ud83c\udfd3 que acoger\u00e1 nuestro club C\u00f3rdoba 6a8 este fin de semana.<\/span><\/p>\n<p><span>\ud83c\udfdf\ufe0f <\/span><span>La sala Carbonell se viste de gala para acoger este esperado campeonato.<\/span><\/p>\n<p><span>\u231a <\/span><span>El s\u00e1bado 24 desde las 10:00 hasta las 22:00 en la sala Carbonell (C\u00f3rdoba capital). Ver ubicaci\u00f3n exacta en nuestra web.<\/span><\/p>\n<p><span>\ud83c\udfa5 <\/span><span>Pod\u00e9is seguir el evento EN DIRECTO a trav\u00e9s de nuesto <a href=\"https:\/\/www.youtube.com\/channel\/UCesiWoWGHTZC6We6thw8etw\">canal de YouTube<\/a>.<\/span>&hellip; <a href=\"https:\/\/6a8tenisdemesa.com\/index.php\/2024\/02\/23\/torneo-de-veteranos-de-andalucia-2024\/\" class=\"read-more\">Leer m\u00e1s <\/a><\/p>        <\/div>    \n    <\/div>\n<\/article><!-- VIEW ALL BUTTON -->\r\n<div class=\"blogpager\">\r\n    <a href=\"https:\/\/6a8tenisdemesa.com\/index.php\/2024\/02\/23\/torneo-de-veteranos-de-andalucia-2024\/\">View All <i class=\"fa fa-long-arrow-right\"><\/i><\/a>\r\n<\/div>\r\n<\/div><\/div><\/div><\/div>&hellip; <a href=\"https:\/\/6a8tenisdemesa.com\/\" class=\"read-more\">Leer m\u00e1s <\/a>","protected":false},"author":1,"featured_media":0,"parent":0,"menu_order":0,"comment_status":"open","ping_status":"open","template":"6a8-full-page.php","meta":{"_bbp_topic_count":0,"_bbp_reply_count":0,"_bbp_total_topic_count":0,"_bbp_total_reply_count":0,"_bbp_voice_count":0,"_bbp_anonymous_reply_count":0,"_bbp_topic_count_hidden":0,"_bbp_reply_count_hidden":0,"_bbp_forum_subforum_count":0,"footnotes":""},"class_list":["post-588","page","type-page","status-publish","hentry"],"yoast_head":"<!-- This site is optimized with the Yoast SEO plugin v27.5 - https:\/\/yoast.com\/product\/yoast-seo-wordpress\/ -->\n<title>Tenis de mesa en C\u00f3rdoba - 6 a 8 Tenis de Mesa<\/title>\n<meta name=\"description\" content=\"Tenis de mesa en C\u00f3rdoba capital. \u00bfBuscas donde jugar al ping-pong?, p\u00e1sate por nuestras instalaciones en el pol\u00edgono de las Quemadas.\" \/>\n<meta name=\"robots\" content=\"index, follow, max-snippet:-1, max-image-preview:large, max-video-preview:-1\" \/>\n<link rel=\"canonical\" href=\"https:\/\/6a8tenisdemesa.com\/\" \/>\n<meta property=\"og:locale\" content=\"es_ES\" \/>\n<meta property=\"og:type\" content=\"article\" \/>\n<meta property=\"og:title\" content=\"Tenis de mesa en C\u00f3rdoba - 6 a 8 Tenis de Mesa\" \/>\n<meta property=\"og:description\" content=\"Tenis de mesa en C\u00f3rdoba capital. \u00bfBuscas donde jugar al ping-pong?, p\u00e1sate por nuestras instalaciones en el pol\u00edgono de las Quemadas.\" \/>\n<meta property=\"og:url\" content=\"https:\/\/6a8tenisdemesa.com\/\" \/>\n<meta property=\"og:site_name\" content=\"6 a 8 Tenis de Mesa\" \/>\n<meta property=\"article:publisher\" content=\"https:\/\/www.facebook.com\/6a8tenisdemesa\/\" \/>\n<meta property=\"article:modified_time\" content=\"2022-04-17T22:13:41+00:00\" \/>\n<meta property=\"og:image\" content=\"https:\/\/6a8tenisdemesa.com\/wp-content\/uploads\/2022\/04\/final.png\" \/>\n\t<meta property=\"og:image:width\" content=\"595\" \/>\n\t<meta property=\"og:image:height\" content=\"595\" \/>\n\t<meta property=\"og:image:type\" content=\"image\/png\" \/>\n<meta name=\"twitter:label1\" content=\"Tiempo de lectura\" \/>\n\t<meta name=\"twitter:data1\" content=\"1 minuto\" \/>\n<script type=\"application\/ld+json\" class=\"yoast-schema-graph\">{\"@context\":\"https:\\\/\\\/schema.org\",\"@graph\":[{\"@type\":\"WebPage\",\"@id\":\"https:\\\/\\\/6a8tenisdemesa.com\\\/\",\"url\":\"https:\\\/\\\/6a8tenisdemesa.com\\\/\",\"name\":\"Tenis de mesa en C\u00f3rdoba - 6 a 8 Tenis de Mesa\",\"isPartOf\":{\"@id\":\"https:\\\/\\\/6a8tenisdemesa.com\\\/#website\"},\"datePublished\":\"2014-04-11T14:39:26+00:00\",\"dateModified\":\"2022-04-17T22:13:41+00:00\",\"description\":\"Tenis de mesa en C\u00f3rdoba capital. \u00bfBuscas donde jugar al ping-pong?, p\u00e1sate por nuestras instalaciones en el pol\u00edgono de las Quemadas.\",\"breadcrumb\":{\"@id\":\"https:\\\/\\\/6a8tenisdemesa.com\\\/#breadcrumb\"},\"inLanguage\":\"es\",\"potentialAction\":[{\"@type\":\"ReadAction\",\"target\":[\"https:\\\/\\\/6a8tenisdemesa.com\\\/\"]}]},{\"@type\":\"BreadcrumbList\",\"@id\":\"https:\\\/\\\/6a8tenisdemesa.com\\\/#breadcrumb\",\"itemListElement\":[{\"@type\":\"ListItem\",\"position\":1,\"name\":\"Portada\",\"item\":\"https:\\\/\\\/6a8tenisdemesa.com\\\/\"},{\"@type\":\"ListItem\",\"position\":2,\"name\":\"Principal\"}]},{\"@type\":\"WebSite\",\"@id\":\"https:\\\/\\\/6a8tenisdemesa.com\\\/#website\",\"url\":\"https:\\\/\\\/6a8tenisdemesa.com\\\/\",\"name\":\"6 a 8 Tenis de Mesa\",\"description\":\"Club de tenis de mesa en C\u00f3rdoba\",\"publisher\":{\"@id\":\"https:\\\/\\\/6a8tenisdemesa.com\\\/#organization\"},\"potentialAction\":[{\"@type\":\"SearchAction\",\"target\":{\"@type\":\"EntryPoint\",\"urlTemplate\":\"https:\\\/\\\/6a8tenisdemesa.com\\\/?s={search_term_string}\"},\"query-input\":{\"@type\":\"PropertyValueSpecification\",\"valueRequired\":true,\"valueName\":\"search_term_string\"}}],\"inLanguage\":\"es\"},{\"@type\":\"Organization\",\"@id\":\"https:\\\/\\\/6a8tenisdemesa.com\\\/#organization\",\"name\":\"6 a 8 tenis de mesa C\u00f3rdoba\",\"url\":\"https:\\\/\\\/6a8tenisdemesa.com\\\/\",\"logo\":{\"@type\":\"ImageObject\",\"inLanguage\":\"es\",\"@id\":\"https:\\\/\\\/6a8tenisdemesa.com\\\/#\\\/schema\\\/logo\\\/image\\\/\",\"url\":\"https:\\\/\\\/6a8tenisdemesa.com\\\/wp-content\\\/uploads\\\/2022\\\/04\\\/final.png\",\"contentUrl\":\"https:\\\/\\\/6a8tenisdemesa.com\\\/wp-content\\\/uploads\\\/2022\\\/04\\\/final.png\",\"width\":595,\"height\":595,\"caption\":\"6 a 8 tenis de mesa C\u00f3rdoba\"},\"image\":{\"@id\":\"https:\\\/\\\/6a8tenisdemesa.com\\\/#\\\/schema\\\/logo\\\/image\\\/\"},\"sameAs\":[\"https:\\\/\\\/www.facebook.com\\\/6a8tenisdemesa\\\/\",\"https:\\\/\\\/x.com\\\/6a8tenisdemesa\"]}]}<\/script>\n<!-- \/ Yoast SEO plugin. -->","yoast_head_json":{"title":"Tenis de mesa en C\u00f3rdoba - 6 a 8 Tenis de Mesa","description":"Tenis de mesa en C\u00f3rdoba capital. \u00bfBuscas donde jugar al ping-pong?, p\u00e1sate por nuestras instalaciones en el pol\u00edgono de las Quemadas.","robots":{"index":"index","follow":"follow","max-snippet":"max-snippet:-1","max-image-preview":"max-image-preview:large","max-video-preview":"max-video-preview:-1"},"canonical":"https:\/\/6a8tenisdemesa.com\/","og_locale":"es_ES","og_type":"article","og_title":"Tenis de mesa en C\u00f3rdoba - 6 a 8 Tenis de Mesa","og_description":"Tenis de mesa en C\u00f3rdoba capital. \u00bfBuscas donde jugar al ping-pong?, p\u00e1sate por nuestras instalaciones en el pol\u00edgono de las Quemadas.","og_url":"https:\/\/6a8tenisdemesa.com\/","og_site_name":"6 a 8 Tenis de Mesa","article_publisher":"https:\/\/www.facebook.com\/6a8tenisdemesa\/","article_modified_time":"2022-04-17T22:13:41+00:00","og_image":[{"width":595,"height":595,"url":"https:\/\/6a8tenisdemesa.com\/wp-content\/uploads\/2022\/04\/final.png","type":"image\/png"}],"twitter_misc":{"Tiempo de lectura":"1 minuto"},"schema":{"@context":"https:\/\/schema.org","@graph":[{"@type":"WebPage","@id":"https:\/\/6a8tenisdemesa.com\/","url":"https:\/\/6a8tenisdemesa.com\/","name":"Tenis de mesa en C\u00f3rdoba - 6 a 8 Tenis de Mesa","isPartOf":{"@id":"https:\/\/6a8tenisdemesa.com\/#website"},"datePublished":"2014-04-11T14:39:26+00:00","dateModified":"2022-04-17T22:13:41+00:00","description":"Tenis de mesa en C\u00f3rdoba capital. \u00bfBuscas donde jugar al ping-pong?, p\u00e1sate por nuestras instalaciones en el pol\u00edgono de las Quemadas.","breadcrumb":{"@id":"https:\/\/6a8tenisdemesa.com\/#breadcrumb"},"inLanguage":"es","potentialAction":[{"@type":"ReadAction","target":["https:\/\/6a8tenisdemesa.com\/"]}]},{"@type":"BreadcrumbList","@id":"https:\/\/6a8tenisdemesa.com\/#breadcrumb","itemListElement":[{"@type":"ListItem","position":1,"name":"Portada","item":"https:\/\/6a8tenisdemesa.com\/"},{"@type":"ListItem","position":2,"name":"Principal"}]},{"@type":"WebSite","@id":"https:\/\/6a8tenisdemesa.com\/#website","url":"https:\/\/6a8tenisdemesa.com\/","name":"6 a 8 Tenis de Mesa","description":"Club de tenis de mesa en C\u00f3rdoba","publisher":{"@id":"https:\/\/6a8tenisdemesa.com\/#organization"},"potentialAction":[{"@type":"SearchAction","target":{"@type":"EntryPoint","urlTemplate":"https:\/\/6a8tenisdemesa.com\/?s={search_term_string}"},"query-input":{"@type":"PropertyValueSpecification","valueRequired":true,"valueName":"search_term_string"}}],"inLanguage":"es"},{"@type":"Organization","@id":"https:\/\/6a8tenisdemesa.com\/#organization","name":"6 a 8 tenis de mesa C\u00f3rdoba","url":"https:\/\/6a8tenisdemesa.com\/","logo":{"@type":"ImageObject","inLanguage":"es","@id":"https:\/\/6a8tenisdemesa.com\/#\/schema\/logo\/image\/","url":"https:\/\/6a8tenisdemesa.com\/wp-content\/uploads\/2022\/04\/final.png","contentUrl":"https:\/\/6a8tenisdemesa.com\/wp-content\/uploads\/2022\/04\/final.png","width":595,"height":595,"caption":"6 a 8 tenis de mesa C\u00f3rdoba"},"image":{"@id":"https:\/\/6a8tenisdemesa.com\/#\/schema\/logo\/image\/"},"sameAs":["https:\/\/www.facebook.com\/6a8tenisdemesa\/","https:\/\/x.com\/6a8tenisdemesa"]}]}},"_links":{"self":[{"href":"https:\/\/6a8tenisdemesa.com\/index.php\/wp-json\/wp\/v2\/pages\/588","targetHints":{"allow":["GET"]}}],"collection":[{"href":"https:\/\/6a8tenisdemesa.com\/index.php\/wp-json\/wp\/v2\/pages"}],"about":[{"href":"https:\/\/6a8tenisdemesa.com\/index.php\/wp-json\/wp\/v2\/types\/page"}],"author":[{"embeddable":true,"href":"https:\/\/6a8tenisdemesa.com\/index.php\/wp-json\/wp\/v2\/users\/1"}],"replies":[{"embeddable":true,"href":"https:\/\/6a8tenisdemesa.com\/index.php\/wp-json\/wp\/v2\/comments?post=588"}],"version-history":[{"count":49,"href":"https:\/\/6a8tenisdemesa.com\/index.php\/wp-json\/wp\/v2\/pages\/588\/revisions"}],"predecessor-version":[{"id":930,"href":"https:\/\/6a8tenisdemesa.com\/index.php\/wp-json\/wp\/v2\/pages\/588\/revisions\/930"}],"wp:attachment":[{"href":"https:\/\/6a8tenisdemesa.com\/index.php\/wp-json\/wp\/v2\/media?parent=588"}],"curies":[{"name":"wp","href":"https:\/\/api.w.org\/{rel}","templated":true}]}}